ive of g**6/30 + g**4/24 + g**2. Let n(z) = z**2 - 4*z - 13. Let p be n(6). Calculate u(p).
-5
Let p(l) = -l + 2. Let t(y) = y**2 + 2*y - 4. Let d be t(-4). Let a = d + -6. Let o(w) = -3*w - 1. Let i be o(a). Determine p(i).
-3
Let x(w) = w**2 + 6*w + 6. Let g be x(-4). Let m(c) = 5*c**2 + 2*c - 6. Let n(r) = -2*r**2 - r + 2. Let f(v) = 3*m(v) + 8*n(v). What is f(g)?
-2
Let x(p) = -4*p**2 - 14*p + 4. Let u(c) = c**2 + c. Let v(t) = -5*u(t) - x(t). Calculate v(7).
10
Let d(q) = q**3 + 5*q**2 - 10*q + 8. Let n(u) = -u**3 - 4*u**2 + 9*u - 7. Let k(l) = -5*d(l) - 6*n(l). Calculate k(3).
8
Let x(l) be the first derivative of l**4/12 + 4*l**3/3 - 3*l**2 + 1. Let s(a) be the second derivative of x(a). Determine s(-6).
-4
Let g(y) = -11*y**3 + 24*y**2 - 35*y + 30. Let n(w) = 7*w**3 - 16*w**2 + 23*w - 20. Let h(t) = -5*g(t) - 8*n(t). Calculate h(7).
-4
Let p = -6 - 0. Let c be -5*5/((-75)/p). Let s(u) = -4*u**2 - 3*u. Give s(c).
-10
Let d(u) be the first derivative of -u**4/4 - 4*u**3/3 - u**2/2 - 3*u - 6. Determine d(-3).
-9
Let o(x) = 29*x - 22*x - 14*x - 7*x**2 - x**3 + 0*x**2 + 1. Give o(-5).
-14
Let q = 19 - 13. Suppose 5*v - 19 = 4*t - 0*t, 3*t - q = -3*v. Let m(f) = 3*f - 3. Give m(v).
6
Let t(k) be the first derivative of -k**3/3 - 3*k**2/2 + 5*k - 2. Let x = 5 - 9. What is t(x)?
1
Let b(i) = i**2 - 6*i + 5. Let x(o) = o**2 - 2*o - 8. Let g be x(-4). Let t = 20 - g. Determine b(t).
-3
Let d be 56/(-21) - (-2)/3. Let i(l) = 2*l**2 - 3*l - 2. Determine i(d).
12
Let i(h) = -5*h**2 + 2*h + 1. Suppose -3*r = -5*u - 7, -4*r - 9 = u - 26. Let g be u + 3*(-6)/9. What is i(g)?
-6
Let s be 1/((-3)/(-6)) - 6. Let d(n) be the third derivative of -n**4/24 + n**3/6 - 16*n**2. What is d(s)?
5
Suppose 2*l + 3*d + 8 + 0 = 0, 0 = l - 5*d - 9. Let z(m) = -5*m**3 - m**2 - 2*m - 1. Give z(l).
5
Let l be 2/(-7) + 51/7. Let j(c) = -2 - 2 + 0 - l*c + 3. Give j(1).
-8
Let u(d) be the first derivative of d**3/3 - 3*d**2/2 - 2*d + 3. Give u(-3).
16
Suppose y + 17 = 5*p, -5*p - y + 7 = -2*p. Suppose 6 = p*o - o. Let h(j) = -1 + j + 5*j - o*j. What is h(-1)?
-4
Let x(s) = 1. Let j(n) = 3*n - 8. Suppose -5 = 2*v - 7*v. Let w(g) = v*j(g) + 6*x(g). Let m = 3 + -5. Determine w(m).
-8
Let d(l) = l**2 - l - 2. Let h = -6 - -1. Let n be 10/h*(-1 + 0). Suppose -3*o = 4*w - 6, -3*w - w - o = -n. Determine d(w).
-2
Let m(w) = w**2 - 3*w - 1. Let t = -44 + 42. Calculate m(t).
9
Let f(h) be the second derivative of 7*h**3/6 + h**2/2 + 2*h. What is f(2)?
15
Let k(q) = -11*q**2 + q + 24*q**2 - 11*q**2. Determine k(-1).
1
Let k(u) be the second derivative of u**4/4 - u**3/6 + 24*u. Calculate k(1).
2
Let d(b) = b**2 - 2197 - b + 4*b + 2196. Calculate d(-6).
17
Let y(s) = 4*s + 2. Let u(x) = -5*x - 2. Let i(m) = 3*u(m) + 4*y(m). Let d(n) = -13*n - 1. Let p be d(-3). Let f be (-2)/9 + p/9. Determine i(f).
6
Suppose -5*g + 3*g - 11 = -5*x, 0 = -4*x - 4*g + 20. Let n(h) be the third derivative of -h**5/60 - 2*h**3/3 + h**2. Determine n(x).
-13
Let s be (5 - 7) + -1 - (-1 - 0). Let y(x) = -4*x**2 - x - 1. Determine y(s).
-15
Suppose 4*a + 0*a + 12 = 5*u, u = 4*a - 4. Suppose -x = -a - 3. Let l(i) = i**2 - 6*i. Give l(x).
-5
Let w(m) be the first derivative of -m**3/3 + 7*m**2/2 - 3*m - 3. Determine w(5).
7
Suppose 3*o + 0*o = 3. Let h(k) = 8*k**2 + 2*k - 1. Give h(o).
9
Let l(h) = 25*h - 16 - 47*h - 10*h**2 - h**3 + 31*h. Determine l(-11).
6
Let d = 15 + -22. Let q = d - -12. Suppose 0 = -q*m + 3*n + 5, 3*m - 3*n - 19 = 2*n. Let c(x) = x. Determine c(m).
-2
Let n(m) = m**2 + 5*m - 7. Let a(l) = -l**3 + 12*l**2 + l - 18. Let z be a(12). Give n(z).
-1
Let d = 60 + -41. Suppose w = -s - 4*w + d, -4*s + 10 = -2*w. Let g(n) = -n**2 + 4*n + 1. Calculate g(s).
1
Let l be (32/6)/(8/36). Suppose -2*q + 3 = -3*q. Let u be (q/(-9))/(2/l). Let z(r) = -r**3 + 3*r**2 + 3*r + 3. Calculate z(u).
-1
Let t(k) be the third derivative of 1/120*k**6 + 0 + 1/15*k**5 + 2*k**2 + 0*k + 1/12*k**4 + 2/3*k**3. Give t(-4).
-4
Suppose -i + 0 = -4. Let l(n) = -3 + i*n - n + 0*n. Determine l(2).
3
Suppose 2 = 2*c + 4. Let r(v) = 12*v**3 + 1. Give r(c).
-11
Suppose -4*h + 5*h = -5*i + 22, 5*i - 4*h = 37. Let o(x) = 3 + 4*x**3 - 5*x**2 - 3*x**3 - x - 10. Calculate o(i).
-12
Let z(a) = -a - 4. Suppose 0 = g + 4*g - 10. Suppose 3*u + g*u - 5 = 0. Let b = u + -4. Determine z(b).
-1
Suppose 7*r = 4*r + 15. Let t(c) = -3*c**2 + 3*c - 5. Let m(q) = -4*q**2 + 2*q - 4. Let f(v) = -2*m(v) + 3*t(v). Give f(r).
-7
Suppose 0*n - 3*m - 13 = 5*n, 0 = 3*n - 5*m + 1. Let l(g) = -3*g**2 + 2*g - 4. Let i(b) = -6*b**2 + 3*b - 9. Let t(x) = n*i(x) + 5*l(x). Give t(2).
-6
Let r(g) = -5*g**2 - 12*g - 16. Let a(f) = f**2 + 1. Let h(p) = -6*a(p) - r(p). What is h(13)?
-3
Suppose 8 = 3*k + k. Let a(f) = 4*f - 2. Let s be a(1). Let y(j) = 3*j + s - j**3 - 4*j**2 + k*j + 5. What is y(-5)?
7
Let r(t) be the second derivative of -t**5/20 + t**4/3 + 5*t**3/6 - 7*t**2/2 + 10*t. Determine r(5).
-7
Let l(j) = -3*j**2 - 6*j - 5. Let k(o) = o**2 + 2*o + 2. Let m(g) = 8*k(g) + 3*l(g). What is m(1)?
-2
Let l(f) = -3*f + 3. Let w(q) = -10*q + 9. Let z(t) = 7*l(t) - 2*w(t). Suppose p + 3*u - 3 = 0, -3*p = 3*u - 6*u - 9. Suppose 7*v - 16 = p*v. Calculate z(v).
-1
Let n(g) be the second derivative of g**3/6 + 13*g**2/2 - g. What is n(-6)?
7
Suppose 2 = -4*l - 2. Let u = l + 1. Let s(i) = -i**2 + i - 6. Determine s(u).
-6
Let b(k) = 5 + 4*k**2 - 4 - 3*k**2 - 6*k. Let j(p) = 6*p - 4. Let y be j(4). Suppose -r - 4*r = -y. Determine b(r).
-7
Let v(t) = 2*t - 2. Let y = -1 - -2. Let n = y + 0. Let p be (n - -3)/(5 - 6). What is v(p)?
-10
Let p(h) = 3*h + 4. Let m(o) = o + 2. Let x(b) = -5*m(b) + 2*p(b). Let z be x(2). Suppose -3*a + z - 9 = 0. Let c(r) = -r**2 - 2*r. Give c(a).
-3
Suppose 2*v = -5*d + 13, -2*d - 2*d + 9 = 3*v. Let y(x) = -x**3 + 4*x**2 - 4*x + 1. Calculate y(d).
-2
Let b be -2*(3 - (-12)/(-3)). Suppose 0 = 2*l - 4*l + 8, -5*l + 30 = b*f. Let r(c) = -c**2 + 6*c. Determine r(f).
5
Let r(k) = 1 + 3*k**2 + 9*k - 8*k - 2*k**2. What is r(0)?
1
Let l(n) be the third derivative of n**8/20160 - n**7/2520 - 7*n**6/720 + n**5/15 - 4*n**2. Let h(x) be the third derivative of l(x). Give h(5).
8
Suppose 10*x - 5*x - 690 = 0. Let k be x/30 + 4/10. Let h(j) = -j**3 + 4*j**2 + 3*j + 4. Calculate h(k).
-6
Let b(j) = -5 + 21 - 14 + j**2 - 6*j. What is b(6)?
2
Let r(p) be the first derivative of p**2 - 7*p + 4. Let w be r(6). Let x(c) = 3*c - 7. What is x(w)?
8
Let t(j) = 3*j + 4*j**3 + 2 - 7*j**3 - 5*j**2 + 2*j**3. Determine t(-5).
-13
Let g(d) = d**3 + 4*d**2 - 2*d - 2. Let q be g(2). Let l be (q/(-15))/((-2)/5). Let w = 5 - l. Let o(i) = -2*i**3 + 3*i**2 - 3*i + 2. Calculate o(w).
-8
Let q(f) be the third derivative of 0*f + 3*f**2 - 1/24*f**4 + 1/6*f**3 + 0. Let d be 2/5 + (-54)/10. Calculate q(d).
6
Let x(u) be the third derivative of -u**6/120 + u**5/30 - u**4/24 - u**3/6 + 2*u**2. Suppose -4*n + 5*m = 17, -4*m + 0*m + 18 = -n. Give x(n).
-3
Let a(d) = 4 - d + 3 - 4 - 4. Let n be a(-2). Let x(m) = -5*m - 7. Let b(u) = -u - 1. Let i(z) = n*x(z) - 6*b(z). Calculate i(-1).
-2
Suppose -8 = -2*t - 2*t. Suppose -24 = -a - 3*a. Suppose -t*j + a = 4. Let p(i) = -i + 2. Calculate p(j).
1
Let i(z) = 0 - 1 + 2*z**2 + 0*z**2 - 1. Suppose 4*v - 5 = -13. Calculate i(v).
6
Let l(p) = p**3 - 2*p**2 - 5*p + 3. Let j(y) = y**2 - 11*y - 22. Let t be j(13). Give l(t).
15
Let s(y) = y**3 + 5*y**2 + 6*y + 5. Let x(w) = w**3 - 4*w**2 - 7*w + 6. Let h be x(5). What is s(h)?
-3
Suppose 3*z = 2*t + 11, -3*t - 11*z = -6*z - 31. Let q(r) = 26*r**2 - 10*r - 1. Let d(x) = 5*x**2 - 2*x. Let u(g) = 11*d(g) - 2*q(g). Calculate u(t).
10
Let r(x) = -x**3 + 4*x**2. Let f be -2 + 3*4/2. Let k(w) be the first derivative of w**3/3 - 3*w**2/2 + 5. Let n be k(f). Calculate r(n).
0
Let p(h) = h**3 + 1. Let f be (-9)/(-11) + (-18)/(-99). Let i = 0 - f. Let g = 2 + i. Calculate p(g).
2
Let h be 0/(2 + (-1 - -1)). Let n(x) = -3*x + h + 0 - 4 + 4*x. Determine n(5).
1
Let x(c) = -1 - 7*c + c**3 - 4*c - 1 - 7*c**2 + 10*c. Give x(7).
-9
Let u(b) be the first derivative of b**6/360 - b**5/60 - 2*b**3 + 4. Let w(k) be the third derivative of u(k). Calculate w(1).
-1
Let v(l) = -3*l**3 + 4*l**2 + 7*l + 1. Let n(w) = w**3 + w**2 - w + 1. Let c(y) = 2*n(y) + v(y). Determine c(7).
-11
Let p be 4/(3 + 22/(-6)). Let l b